{"id":132,"date":"2015-04-02T15:40:20","date_gmt":"2015-04-02T15:40:20","guid":{"rendered":"https:\/\/sauces.digisap.com\/?page_id=27"},"modified":"2024-02-27T14:46:45","modified_gmt":"2024-02-27T14:46:45","slug":"home","status":"publish","type":"page","link":"https:\/\/nicolasmanotas.com\/?page_id=132","title":{"rendered":"Bienvenido"},"content":{"rendered":"<p style=\"text-align: justify;\"><a href=\"https:\/\/nicolasmanotas.com\/wp-content\/uploads\/2015\/04\/portada.jpg\" rel=\"attachment wp-att-257\"><img loading=\"lazy\" decoding=\"async\" class=\"aligncenter wp-image-257\" src=\"https:\/\/nicolasmanotas.com\/wp-content\/uploads\/2015\/04\/portada-1024x456.jpg\" alt=\"portada\" width=\"746\" height=\"332\" \/><\/a><\/p>\n<p style=\"text-align: justify;\">Vivimos sin saber que la principal causa de nuestro sufrimiento es la interpretaci\u00f3n\u00a0 que le damos a las distintas experiencias de nuestras vidas. Esto sucede porque vivimos bajo una serie de creencias y paradigmas que direccionan nuestra vida sin saber que en la mayor\u00eda de los casos, estas son las que nos cierran posibilidades y no nos damos cuenta de ello. Lo que es peor, no estamos conscientes de que estas creencias NO son nuestras, sino que son el legado de otras personas.<\/p>\n<p style=\"text-align: justify;\">Con el coaching, tendr\u00e1s la compa\u00f1\u00eda de alguien que te guiar\u00e1 a tener conversaciones poderosas \u00a0contigo mismo y con otros. Cuestionaremos la forma en que est\u00e1s d\u00e1ndole sentido a la vida, descubriremos a trav\u00e9s de este proceso, que la raz\u00f3n por la cual act\u00faas y percibes el mundo de determinada forma, es debido a la interpretaci\u00f3n que le has dado a experiencias previas.<\/p>\n<p style=\"text-align: justify;\">La \u00fanica forma de obtener resultados distintos, es cambiar la percepci\u00f3n que tenemos de la vida. No es suficiente con tomar acciones distintas sino vemos el mundo con otros ojos, pues sin importar que acciones tomemos, eventualmente los resultados volver\u00e1n a ser los mismos.<\/p>\n<p style=\"text-align: justify;\">El camino del coaching es aceptar que nunca terminamos de aprender y que la vida tiene mucho que ofrecer a aquellos que quieren continuar creciendo como seres humanos. Se requiere un peque\u00f1o paso para comenzar a formar la vida que siempre has so\u00f1ado. Toma el riesgo de descubrir de qu\u00e9 eres capaz de lograr cuando decides buscar y trascender a la mejor versi\u00f3n de ti mismo.<\/p>\n<p style=\"text-align: justify;\">Agenda tu primera sesi\u00f3n de Coaching <span style=\"color: #0000ff;\"><a style=\"color: #0000ff;\" href=\"https:\/\/nicolasmanotas.com\/contacto\/\">aqu\u00ed<\/a>.<\/span><\/p>\n","protected":false},"excerpt":{"rendered":"<p>Vivimos sin saber que la principal causa de nuestro sufrimiento es la interpretaci\u00f3n\u00a0 que le damos a las distintas experiencias de nuestras vidas. Esto sucede porque vivimos bajo una serie de creencias y paradigmas que direccionan nuestra vida sin saber que en la mayor\u00eda de los casos, estas son las que nos cierran posibilidades y [&hellip;]<\/p>\n","protected":false},"author":1,"featured_media":0,"parent":0,"menu_order":0,"comment_status":"closed","ping_status":"closed","template":"","meta":{"footnotes":""},"class_list":["post-132","page","type-page","status-publish","hentry"],"yoast_head":"<!-- This site is optimized with the Yoast SEO plugin v20.1 - https:\/\/yoast.com\/wordpress\/plugins\/seo\/ -->\n<title>Bienvenido - Nicol\u00e1s Manotas<\/title>\n<meta name=\"robots\" content=\"index, follow, max-snippet:-1, max-image-preview:large, max-video-preview:-1\" \/>\n<link rel=\"canonical\" href=\"https:\/\/nicolasmanotas.com\/?page_id=132\" \/>\n<meta property=\"og:locale\" content=\"es_ES\" \/>\n<meta property=\"og:type\" content=\"article\" \/>\n<meta property=\"og:title\" content=\"Bienvenido - Nicol\u00e1s Manotas\" \/>\n<meta property=\"og:description\" content=\"Vivimos sin saber que la principal causa de nuestro sufrimiento es la interpretaci\u00f3n\u00a0 que le damos a las distintas experiencias de nuestras vidas. Esto sucede porque vivimos bajo una serie de creencias y paradigmas que direccionan nuestra vida sin saber que en la mayor\u00eda de los casos, estas son las que nos cierran posibilidades y [&hellip;]\" \/>\n<meta property=\"og:url\" content=\"https:\/\/nicolasmanotas.com\/?page_id=132\" \/>\n<meta property=\"og:site_name\" content=\"Nicol\u00e1s Manotas\" \/>\n<meta property=\"article:modified_time\" content=\"2024-02-27T14:46:45+00:00\" \/>\n<meta property=\"og:image\" content=\"https:\/\/nicolasmanotas.com\/wp-content\/uploads\/2015\/04\/portada-1024x456.jpg\" \/>\n<meta name=\"twitter:card\" content=\"summary_large_image\" \/>\n<meta name=\"twitter:label1\" content=\"Tiempo de lectura\" \/>\n\t<meta name=\"twitter:data1\" content=\"2 minutos\" \/>\n<script type=\"application\/ld+json\" class=\"yoast-schema-graph\">{\"@context\":\"https:\/\/schema.org\",\"@graph\":[{\"@type\":\"WebPage\",\"@id\":\"https:\/\/nicolasmanotas.com\/?page_id=132\",\"url\":\"https:\/\/nicolasmanotas.com\/?page_id=132\",\"name\":\"Bienvenido - Nicol\u00e1s Manotas\",\"isPartOf\":{\"@id\":\"https:\/\/nicolasmanotas.com\/#website\"},\"datePublished\":\"2015-04-02T15:40:20+00:00\",\"dateModified\":\"2024-02-27T14:46:45+00:00\",\"inLanguage\":\"es\",\"potentialAction\":[{\"@type\":\"ReadAction\",\"target\":[\"https:\/\/nicolasmanotas.com\/?page_id=132\"]}]},{\"@type\":\"WebSite\",\"@id\":\"https:\/\/nicolasmanotas.com\/#website\",\"url\":\"https:\/\/nicolasmanotas.com\/\",\"name\":\"Nicol\u00e1s Manotas\",\"description\":\"\",\"potentialAction\":[{\"@type\":\"SearchAction\",\"target\":{\"@type\":\"EntryPoint\",\"urlTemplate\":\"https:\/\/nicolasmanotas.com\/?s={search_term_string}\"},\"query-input\":\"required name=search_term_string\"}],\"inLanguage\":\"es\"}]}<\/script>\n<!-- \/ Yoast SEO plugin. -->","yoast_head_json":{"title":"Bienvenido - Nicol\u00e1s Manotas","robots":{"index":"index","follow":"follow","max-snippet":"max-snippet:-1","max-image-preview":"max-image-preview:large","max-video-preview":"max-video-preview:-1"},"canonical":"https:\/\/nicolasmanotas.com\/?page_id=132","og_locale":"es_ES","og_type":"article","og_title":"Bienvenido - Nicol\u00e1s Manotas","og_description":"Vivimos sin saber que la principal causa de nuestro sufrimiento es la interpretaci\u00f3n\u00a0 que le damos a las distintas experiencias de nuestras vidas. Esto sucede porque vivimos bajo una serie de creencias y paradigmas que direccionan nuestra vida sin saber que en la mayor\u00eda de los casos, estas son las que nos cierran posibilidades y [&hellip;]","og_url":"https:\/\/nicolasmanotas.com\/?page_id=132","og_site_name":"Nicol\u00e1s Manotas","article_modified_time":"2024-02-27T14:46:45+00:00","og_image":[{"url":"https:\/\/nicolasmanotas.com\/wp-content\/uploads\/2015\/04\/portada-1024x456.jpg"}],"twitter_card":"summary_large_image","twitter_misc":{"Tiempo de lectura":"2 minutos"},"schema":{"@context":"https:\/\/schema.org","@graph":[{"@type":"WebPage","@id":"https:\/\/nicolasmanotas.com\/?page_id=132","url":"https:\/\/nicolasmanotas.com\/?page_id=132","name":"Bienvenido - Nicol\u00e1s Manotas","isPartOf":{"@id":"https:\/\/nicolasmanotas.com\/#website"},"datePublished":"2015-04-02T15:40:20+00:00","dateModified":"2024-02-27T14:46:45+00:00","inLanguage":"es","potentialAction":[{"@type":"ReadAction","target":["https:\/\/nicolasmanotas.com\/?page_id=132"]}]},{"@type":"WebSite","@id":"https:\/\/nicolasmanotas.com\/#website","url":"https:\/\/nicolasmanotas.com\/","name":"Nicol\u00e1s Manotas","description":"","potentialAction":[{"@type":"SearchAction","target":{"@type":"EntryPoint","urlTemplate":"https:\/\/nicolasmanotas.com\/?s={search_term_string}"},"query-input":"required name=search_term_string"}],"inLanguage":"es"}]}},"_links":{"self":[{"href":"https:\/\/nicolasmanotas.com\/index.php?rest_route=\/wp\/v2\/pages\/132","targetHints":{"allow":["GET"]}}],"collection":[{"href":"https:\/\/nicolasmanotas.com\/index.php?rest_route=\/wp\/v2\/pages"}],"about":[{"href":"https:\/\/nicolasmanotas.com\/index.php?rest_route=\/wp\/v2\/types\/page"}],"author":[{"embeddable":true,"href":"https:\/\/nicolasmanotas.com\/index.php?rest_route=\/wp\/v2\/users\/1"}],"replies":[{"embeddable":true,"href":"https:\/\/nicolasmanotas.com\/index.php?rest_route=%2Fwp%2Fv2%2Fcomments&post=132"}],"version-history":[{"count":3,"href":"https:\/\/nicolasmanotas.com\/index.php?rest_route=\/wp\/v2\/pages\/132\/revisions"}],"predecessor-version":[{"id":934,"href":"https:\/\/nicolasmanotas.com\/index.php?rest_route=\/wp\/v2\/pages\/132\/revisions\/934"}],"wp:attachment":[{"href":"https:\/\/nicolasmanotas.com\/index.php?rest_route=%2Fwp%2Fv2%2Fmedia&parent=132"}],"curies":[{"name":"wp","href":"https:\/\/api.w.org\/{rel}","templated":true}]}}