{"id":544,"date":"2023-02-17T14:57:06","date_gmt":"2023-02-17T14:57:06","guid":{"rendered":"https:\/\/sauces.digisap.com\/?page_id=544"},"modified":"2023-02-17T19:25:56","modified_gmt":"2023-02-17T19:25:56","slug":"helena-afanador","status":"publish","type":"page","link":"https:\/\/nicolasmanotas.com\/?page_id=544","title":{"rendered":"Helena Afanador"},"content":{"rendered":"<div class=\"wp-block-image is-style-rounded\">\n<figure class=\"alignleft size-full\"><img loading=\"lazy\" decoding=\"async\" width=\"120\" height=\"120\" src=\"https:\/\/sauces.digisap.com\/wp-content\/uploads\/2023\/02\/helena-afanador-120x120-1.jpeg\" alt=\"\" class=\"wp-image-546\"\/><\/figure>\n<\/div>\n\n\n<p>Empec\u00e9 a hablar con Nicol\u00e1s en un momento muy dificil de mi vida, estaba buscando ayuda, con el descubr\u00ed que tener un Life Coach.<\/p>\n\n\n\n<p>Mi prop\u00f3sito era crecer espiritualmente. Cada sesi\u00f3n con Nico fue una camino nuevo que me llev\u00f3 a nuevos descubrimientos y nuevos hallazgos de mi vida. El proceso de coaching me permiti\u00f3 entender cosas de mi pasado que me estaban limitando y esto me brind\u00f3 herramientas para hacerme cargo de mi presente y me proyecto sobre lo que quiero tener y llegar a SER en el futuro.<br><\/p>\n\n\n\n<hr class=\"wp-block-separator has-alpha-channel-opacity\"\/>\n\n\n\n<p><br>I started talking with Nicol\u00e1s in a moment of my life that I was looking for help.<\/p>\n\n\n\n<p>What I discovered is that having a life coach is not something you only \u00abuse\u00bb when you feel bad, is a way to grow your spirituality. Each session with Nico is a new road that leads to a new discovery, a new Ahaa! that has helped me to understand my history so I can shape better my future.<\/p>\n","protected":false},"excerpt":{"rendered":"<p>Empec\u00e9 a hablar con Nicol\u00e1s en un momento muy dificil de mi vida, estaba buscando ayuda, con el descubr\u00ed que tener un Life Coach. Mi prop\u00f3sito era crecer espiritualmente. Cada sesi\u00f3n con Nico fue una camino nuevo que me llev\u00f3 a nuevos descubrimientos y nuevos hallazgos de mi vida. El proceso de coaching me permiti\u00f3 [&hellip;]<\/p>\n","protected":false},"author":1,"featured_media":546,"parent":527,"menu_order":0,"comment_status":"closed","ping_status":"closed","template":"","meta":{"footnotes":""},"class_list":["post-544","page","type-page","status-publish","has-post-thumbnail","hentry"],"yoast_head":"<!-- This site is optimized with the Yoast SEO plugin v20.1 - https:\/\/yoast.com\/wordpress\/plugins\/seo\/ -->\n<title>Helena Afanador - Nicol\u00e1s Manotas<\/title>\n<meta name=\"robots\" content=\"index, follow, max-snippet:-1, max-image-preview:large, max-video-preview:-1\" \/>\n<link rel=\"canonical\" href=\"https:\/\/nicolasmanotas.com\/?page_id=544\" \/>\n<meta property=\"og:locale\" content=\"es_ES\" \/>\n<meta property=\"og:type\" content=\"article\" \/>\n<meta property=\"og:title\" content=\"Helena Afanador - Nicol\u00e1s Manotas\" \/>\n<meta property=\"og:description\" content=\"Empec\u00e9 a hablar con Nicol\u00e1s en un momento muy dificil de mi vida, estaba buscando ayuda, con el descubr\u00ed que tener un Life Coach. Mi prop\u00f3sito era crecer espiritualmente. Cada sesi\u00f3n con Nico fue una camino nuevo que me llev\u00f3 a nuevos descubrimientos y nuevos hallazgos de mi vida. El proceso de coaching me permiti\u00f3 [&hellip;]\" \/>\n<meta property=\"og:url\" content=\"https:\/\/nicolasmanotas.com\/?page_id=544\" \/>\n<meta property=\"og:site_name\" content=\"Nicol\u00e1s Manotas\" \/>\n<meta property=\"article:modified_time\" content=\"2023-02-17T19:25:56+00:00\" \/>\n<meta property=\"og:image\" content=\"https:\/\/nicolasmanotas.com\/wp-content\/uploads\/2023\/02\/helena-afanador-120x120-1.jpeg\" \/>\n\t<meta property=\"og:image:width\" content=\"120\" \/>\n\t<meta property=\"og:image:height\" content=\"120\" \/>\n\t<meta property=\"og:image:type\" content=\"image\/jpeg\" \/>\n<meta name=\"twitter:card\" content=\"summary_large_image\" \/>\n<meta name=\"twitter:label1\" content=\"Tiempo de lectura\" \/>\n\t<meta name=\"twitter:data1\" content=\"1 minuto\" \/>\n<script type=\"application\/ld+json\" class=\"yoast-schema-graph\">{\"@context\":\"https:\/\/schema.org\",\"@graph\":[{\"@type\":\"WebPage\",\"@id\":\"https:\/\/nicolasmanotas.com\/?page_id=544\",\"url\":\"https:\/\/nicolasmanotas.com\/?page_id=544\",\"name\":\"Helena Afanador - Nicol\u00e1s Manotas\",\"isPartOf\":{\"@id\":\"https:\/\/nicolasmanotas.com\/#website\"},\"datePublished\":\"2023-02-17T14:57:06+00:00\",\"dateModified\":\"2023-02-17T19:25:56+00:00\",\"breadcrumb\":{\"@id\":\"https:\/\/nicolasmanotas.com\/?page_id=544#breadcrumb\"},\"inLanguage\":\"es\",\"potentialAction\":[{\"@type\":\"ReadAction\",\"target\":[\"https:\/\/nicolasmanotas.com\/?page_id=544\"]}]},{\"@type\":\"BreadcrumbList\",\"@id\":\"https:\/\/nicolasmanotas.com\/?page_id=544#breadcrumb\",\"itemListElement\":[{\"@type\":\"ListItem\",\"position\":1,\"name\":\"Testimonios \/ Testimonials\",\"item\":\"https:\/\/nicolasmanotas.com\/?page_id=527\"},{\"@type\":\"ListItem\",\"position\":2,\"name\":\"Helena Afanador\"}]},{\"@type\":\"WebSite\",\"@id\":\"https:\/\/nicolasmanotas.com\/#website\",\"url\":\"https:\/\/nicolasmanotas.com\/\",\"name\":\"Nicol\u00e1s Manotas\",\"description\":\"\",\"potentialAction\":[{\"@type\":\"SearchAction\",\"target\":{\"@type\":\"EntryPoint\",\"urlTemplate\":\"https:\/\/nicolasmanotas.com\/?s={search_term_string}\"},\"query-input\":\"required name=search_term_string\"}],\"inLanguage\":\"es\"}]}<\/script>\n<!-- \/ Yoast SEO plugin. -->","yoast_head_json":{"title":"Helena Afanador - Nicol\u00e1s Manotas","robots":{"index":"index","follow":"follow","max-snippet":"max-snippet:-1","max-image-preview":"max-image-preview:large","max-video-preview":"max-video-preview:-1"},"canonical":"https:\/\/nicolasmanotas.com\/?page_id=544","og_locale":"es_ES","og_type":"article","og_title":"Helena Afanador - Nicol\u00e1s Manotas","og_description":"Empec\u00e9 a hablar con Nicol\u00e1s en un momento muy dificil de mi vida, estaba buscando ayuda, con el descubr\u00ed que tener un Life Coach. Mi prop\u00f3sito era crecer espiritualmente. Cada sesi\u00f3n con Nico fue una camino nuevo que me llev\u00f3 a nuevos descubrimientos y nuevos hallazgos de mi vida. El proceso de coaching me permiti\u00f3 [&hellip;]","og_url":"https:\/\/nicolasmanotas.com\/?page_id=544","og_site_name":"Nicol\u00e1s Manotas","article_modified_time":"2023-02-17T19:25:56+00:00","og_image":[{"width":120,"height":120,"url":"https:\/\/nicolasmanotas.com\/wp-content\/uploads\/2023\/02\/helena-afanador-120x120-1.jpeg","type":"image\/jpeg"}],"twitter_card":"summary_large_image","twitter_misc":{"Tiempo de lectura":"1 minuto"},"schema":{"@context":"https:\/\/schema.org","@graph":[{"@type":"WebPage","@id":"https:\/\/nicolasmanotas.com\/?page_id=544","url":"https:\/\/nicolasmanotas.com\/?page_id=544","name":"Helena Afanador - Nicol\u00e1s Manotas","isPartOf":{"@id":"https:\/\/nicolasmanotas.com\/#website"},"datePublished":"2023-02-17T14:57:06+00:00","dateModified":"2023-02-17T19:25:56+00:00","breadcrumb":{"@id":"https:\/\/nicolasmanotas.com\/?page_id=544#breadcrumb"},"inLanguage":"es","potentialAction":[{"@type":"ReadAction","target":["https:\/\/nicolasmanotas.com\/?page_id=544"]}]},{"@type":"BreadcrumbList","@id":"https:\/\/nicolasmanotas.com\/?page_id=544#breadcrumb","itemListElement":[{"@type":"ListItem","position":1,"name":"Testimonios \/ Testimonials","item":"https:\/\/nicolasmanotas.com\/?page_id=527"},{"@type":"ListItem","position":2,"name":"Helena Afanador"}]},{"@type":"WebSite","@id":"https:\/\/nicolasmanotas.com\/#website","url":"https:\/\/nicolasmanotas.com\/","name":"Nicol\u00e1s Manotas","description":"","potentialAction":[{"@type":"SearchAction","target":{"@type":"EntryPoint","urlTemplate":"https:\/\/nicolasmanotas.com\/?s={search_term_string}"},"query-input":"required name=search_term_string"}],"inLanguage":"es"}]}},"_links":{"self":[{"href":"https:\/\/nicolasmanotas.com\/index.php?rest_route=\/wp\/v2\/pages\/544","targetHints":{"allow":["GET"]}}],"collection":[{"href":"https:\/\/nicolasmanotas.com\/index.php?rest_route=\/wp\/v2\/pages"}],"about":[{"href":"https:\/\/nicolasmanotas.com\/index.php?rest_route=\/wp\/v2\/types\/page"}],"author":[{"embeddable":true,"href":"https:\/\/nicolasmanotas.com\/index.php?rest_route=\/wp\/v2\/users\/1"}],"replies":[{"embeddable":true,"href":"https:\/\/nicolasmanotas.com\/index.php?rest_route=%2Fwp%2Fv2%2Fcomments&post=544"}],"version-history":[{"count":2,"href":"https:\/\/nicolasmanotas.com\/index.php?rest_route=\/wp\/v2\/pages\/544\/revisions"}],"predecessor-version":[{"id":547,"href":"https:\/\/nicolasmanotas.com\/index.php?rest_route=\/wp\/v2\/pages\/544\/revisions\/547"}],"up":[{"embeddable":true,"href":"https:\/\/nicolasmanotas.com\/index.php?rest_route=\/wp\/v2\/pages\/527"}],"wp:featuredmedia":[{"embeddable":true,"href":"https:\/\/nicolasmanotas.com\/index.php?rest_route=\/wp\/v2\/media\/546"}],"wp:attachment":[{"href":"https:\/\/nicolasmanotas.com\/index.php?rest_route=%2Fwp%2Fv2%2Fmedia&parent=544"}],"curies":[{"name":"wp","href":"https:\/\/api.w.org\/{rel}","templated":true}]}}