{"id":575,"date":"2023-02-17T16:00:56","date_gmt":"2023-02-17T16:00:56","guid":{"rendered":"https:\/\/sauces.digisap.com\/?page_id=575"},"modified":"2023-02-17T19:27:11","modified_gmt":"2023-02-17T19:27:11","slug":"lina-angel","status":"publish","type":"page","link":"https:\/\/nicolasmanotas.com\/?page_id=575","title":{"rendered":"Lina \u00c1ngel"},"content":{"rendered":"<div class=\"wp-block-image is-style-rounded\">\n<figure class=\"alignleft size-full\"><img loading=\"lazy\" decoding=\"async\" width=\"120\" height=\"120\" src=\"https:\/\/sauces.digisap.com\/wp-content\/uploads\/2023\/02\/lina-angel-120x120-1.jpeg\" alt=\"\" class=\"wp-image-577\"\/><\/figure>\n<\/div>\n\n\n<p>Despu\u00e9s de buscar diferentes alternativas, de la forma m\u00e1s inesperada comenc\u00e9 a asistir a unos talleres grupales que estaba dando Nicol\u00e1s; el primero que asist\u00ed era sobre las perdidas y el segundo sobre las comunicaciones en las relaciones personales. Sorprendida con la buena experiencia, me di cuenta que las sesiones personales podr\u00edan ser una buena soluci\u00f3n para mi sentimiento de desconfianza y rabia con la mayor\u00eda de la gente.<\/p>\n\n\n\n<p>Desde la primera sesi\u00f3n de coaching abr\u00ed mis ojos y entend\u00ed las razones de esos sentimientos. Nicol\u00e1s me ense\u00f1\u00f3 herramientas para identificar c\u00f3mo actuar y pensar de una manera distinta, prestando atenci\u00f3n a como me estaba sintiendo en cada situaci\u00f3n en lugar de ignorarlo que es lo que yo ven\u00eda haciendo, encontrando as\u00ed equilibrio y por consiguiente tranquilidad. Lo recomiendo a ojos cerrados.<br><\/p>\n\n\n\n<hr class=\"wp-block-separator has-alpha-channel-opacity\"\/>\n\n\n\n<p><br>After searching different alternatives, in the most unexpected way I started attending one of Nicolas workshops; the first one I attended was about the grief and the second on communications in personal relationships. Surprised with the good experience, I realized that personal sessions could be a good solution for my distrust and anger feelings that I was having with most of people.<\/p>\n\n\n\n<p>From the first coaching session I opened my eyes and I understood the reasons for those feelings. Nicolas taught me tools to identify how to act and think in a different way by paying attention to my emotions and feeling in every situation instead of ignoring them, which is what I have been doing for many years.&nbsp; The outcome for this introspection was to find balances in the different areas of my life and peaceful in my mind.<\/p>\n\n\n\n<p>I recommend Nicolas as a life coach it with eyes closed.<\/p>\n","protected":false},"excerpt":{"rendered":"<p>Despu\u00e9s de buscar diferentes alternativas, de la forma m\u00e1s inesperada comenc\u00e9 a asistir a unos talleres grupales que estaba dando Nicol\u00e1s; el primero que asist\u00ed era sobre las perdidas y el segundo sobre las comunicaciones en las relaciones personales. Sorprendida con la buena experiencia, me di cuenta que las sesiones personales podr\u00edan ser una buena [&hellip;]<\/p>\n","protected":false},"author":1,"featured_media":577,"parent":527,"menu_order":0,"comment_status":"closed","ping_status":"closed","template":"","meta":{"footnotes":""},"class_list":["post-575","page","type-page","status-publish","has-post-thumbnail","hentry"],"yoast_head":"<!-- This site is optimized with the Yoast SEO plugin v20.1 - https:\/\/yoast.com\/wordpress\/plugins\/seo\/ -->\n<title>Lina \u00c1ngel - Nicol\u00e1s Manotas<\/title>\n<meta name=\"robots\" content=\"index, follow, max-snippet:-1, max-image-preview:large, max-video-preview:-1\" \/>\n<link rel=\"canonical\" href=\"https:\/\/nicolasmanotas.com\/?page_id=575\" \/>\n<meta property=\"og:locale\" content=\"es_ES\" \/>\n<meta property=\"og:type\" content=\"article\" \/>\n<meta property=\"og:title\" content=\"Lina \u00c1ngel - Nicol\u00e1s Manotas\" \/>\n<meta property=\"og:description\" content=\"Despu\u00e9s de buscar diferentes alternativas, de la forma m\u00e1s inesperada comenc\u00e9 a asistir a unos talleres grupales que estaba dando Nicol\u00e1s; el primero que asist\u00ed era sobre las perdidas y el segundo sobre las comunicaciones en las relaciones personales. Sorprendida con la buena experiencia, me di cuenta que las sesiones personales podr\u00edan ser una buena [&hellip;]\" \/>\n<meta property=\"og:url\" content=\"https:\/\/nicolasmanotas.com\/?page_id=575\" \/>\n<meta property=\"og:site_name\" content=\"Nicol\u00e1s Manotas\" \/>\n<meta property=\"article:modified_time\" content=\"2023-02-17T19:27:11+00:00\" \/>\n<meta property=\"og:image\" content=\"https:\/\/nicolasmanotas.com\/wp-content\/uploads\/2023\/02\/lina-angel-120x120-1.jpeg\" \/>\n\t<meta property=\"og:image:width\" content=\"120\" \/>\n\t<meta property=\"og:image:height\" content=\"120\" \/>\n\t<meta property=\"og:image:type\" content=\"image\/jpeg\" \/>\n<meta name=\"twitter:card\" content=\"summary_large_image\" \/>\n<meta name=\"twitter:label1\" content=\"Tiempo de lectura\" \/>\n\t<meta name=\"twitter:data1\" content=\"2 minutos\" \/>\n<script type=\"application\/ld+json\" class=\"yoast-schema-graph\">{\"@context\":\"https:\/\/schema.org\",\"@graph\":[{\"@type\":\"WebPage\",\"@id\":\"https:\/\/nicolasmanotas.com\/?page_id=575\",\"url\":\"https:\/\/nicolasmanotas.com\/?page_id=575\",\"name\":\"Lina \u00c1ngel - Nicol\u00e1s Manotas\",\"isPartOf\":{\"@id\":\"https:\/\/nicolasmanotas.com\/#website\"},\"datePublished\":\"2023-02-17T16:00:56+00:00\",\"dateModified\":\"2023-02-17T19:27:11+00:00\",\"breadcrumb\":{\"@id\":\"https:\/\/nicolasmanotas.com\/?page_id=575#breadcrumb\"},\"inLanguage\":\"es\",\"potentialAction\":[{\"@type\":\"ReadAction\",\"target\":[\"https:\/\/nicolasmanotas.com\/?page_id=575\"]}]},{\"@type\":\"BreadcrumbList\",\"@id\":\"https:\/\/nicolasmanotas.com\/?page_id=575#breadcrumb\",\"itemListElement\":[{\"@type\":\"ListItem\",\"position\":1,\"name\":\"Testimonios \/ Testimonials\",\"item\":\"https:\/\/nicolasmanotas.com\/?page_id=527\"},{\"@type\":\"ListItem\",\"position\":2,\"name\":\"Lina \u00c1ngel\"}]},{\"@type\":\"WebSite\",\"@id\":\"https:\/\/nicolasmanotas.com\/#website\",\"url\":\"https:\/\/nicolasmanotas.com\/\",\"name\":\"Nicol\u00e1s Manotas\",\"description\":\"\",\"potentialAction\":[{\"@type\":\"SearchAction\",\"target\":{\"@type\":\"EntryPoint\",\"urlTemplate\":\"https:\/\/nicolasmanotas.com\/?s={search_term_string}\"},\"query-input\":\"required name=search_term_string\"}],\"inLanguage\":\"es\"}]}<\/script>\n<!-- \/ Yoast SEO plugin. -->","yoast_head_json":{"title":"Lina \u00c1ngel - Nicol\u00e1s Manotas","robots":{"index":"index","follow":"follow","max-snippet":"max-snippet:-1","max-image-preview":"max-image-preview:large","max-video-preview":"max-video-preview:-1"},"canonical":"https:\/\/nicolasmanotas.com\/?page_id=575","og_locale":"es_ES","og_type":"article","og_title":"Lina \u00c1ngel - Nicol\u00e1s Manotas","og_description":"Despu\u00e9s de buscar diferentes alternativas, de la forma m\u00e1s inesperada comenc\u00e9 a asistir a unos talleres grupales que estaba dando Nicol\u00e1s; el primero que asist\u00ed era sobre las perdidas y el segundo sobre las comunicaciones en las relaciones personales. Sorprendida con la buena experiencia, me di cuenta que las sesiones personales podr\u00edan ser una buena [&hellip;]","og_url":"https:\/\/nicolasmanotas.com\/?page_id=575","og_site_name":"Nicol\u00e1s Manotas","article_modified_time":"2023-02-17T19:27:11+00:00","og_image":[{"width":120,"height":120,"url":"https:\/\/nicolasmanotas.com\/wp-content\/uploads\/2023\/02\/lina-angel-120x120-1.jpeg","type":"image\/jpeg"}],"twitter_card":"summary_large_image","twitter_misc":{"Tiempo de lectura":"2 minutos"},"schema":{"@context":"https:\/\/schema.org","@graph":[{"@type":"WebPage","@id":"https:\/\/nicolasmanotas.com\/?page_id=575","url":"https:\/\/nicolasmanotas.com\/?page_id=575","name":"Lina \u00c1ngel - Nicol\u00e1s Manotas","isPartOf":{"@id":"https:\/\/nicolasmanotas.com\/#website"},"datePublished":"2023-02-17T16:00:56+00:00","dateModified":"2023-02-17T19:27:11+00:00","breadcrumb":{"@id":"https:\/\/nicolasmanotas.com\/?page_id=575#breadcrumb"},"inLanguage":"es","potentialAction":[{"@type":"ReadAction","target":["https:\/\/nicolasmanotas.com\/?page_id=575"]}]},{"@type":"BreadcrumbList","@id":"https:\/\/nicolasmanotas.com\/?page_id=575#breadcrumb","itemListElement":[{"@type":"ListItem","position":1,"name":"Testimonios \/ Testimonials","item":"https:\/\/nicolasmanotas.com\/?page_id=527"},{"@type":"ListItem","position":2,"name":"Lina \u00c1ngel"}]},{"@type":"WebSite","@id":"https:\/\/nicolasmanotas.com\/#website","url":"https:\/\/nicolasmanotas.com\/","name":"Nicol\u00e1s Manotas","description":"","potentialAction":[{"@type":"SearchAction","target":{"@type":"EntryPoint","urlTemplate":"https:\/\/nicolasmanotas.com\/?s={search_term_string}"},"query-input":"required name=search_term_string"}],"inLanguage":"es"}]}},"_links":{"self":[{"href":"https:\/\/nicolasmanotas.com\/index.php?rest_route=\/wp\/v2\/pages\/575","targetHints":{"allow":["GET"]}}],"collection":[{"href":"https:\/\/nicolasmanotas.com\/index.php?rest_route=\/wp\/v2\/pages"}],"about":[{"href":"https:\/\/nicolasmanotas.com\/index.php?rest_route=\/wp\/v2\/types\/page"}],"author":[{"embeddable":true,"href":"https:\/\/nicolasmanotas.com\/index.php?rest_route=\/wp\/v2\/users\/1"}],"replies":[{"embeddable":true,"href":"https:\/\/nicolasmanotas.com\/index.php?rest_route=%2Fwp%2Fv2%2Fcomments&post=575"}],"version-history":[{"count":2,"href":"https:\/\/nicolasmanotas.com\/index.php?rest_route=\/wp\/v2\/pages\/575\/revisions"}],"predecessor-version":[{"id":578,"href":"https:\/\/nicolasmanotas.com\/index.php?rest_route=\/wp\/v2\/pages\/575\/revisions\/578"}],"up":[{"embeddable":true,"href":"https:\/\/nicolasmanotas.com\/index.php?rest_route=\/wp\/v2\/pages\/527"}],"wp:featuredmedia":[{"embeddable":true,"href":"https:\/\/nicolasmanotas.com\/index.php?rest_route=\/wp\/v2\/media\/577"}],"wp:attachment":[{"href":"https:\/\/nicolasmanotas.com\/index.php?rest_route=%2Fwp%2Fv2%2Fmedia&parent=575"}],"curies":[{"name":"wp","href":"https:\/\/api.w.org\/{rel}","templated":true}]}}