{"id":603,"date":"2023-02-17T16:17:56","date_gmt":"2023-02-17T16:17:56","guid":{"rendered":"https:\/\/sauces.digisap.com\/?page_id=603"},"modified":"2023-02-17T19:21:13","modified_gmt":"2023-02-17T19:21:13","slug":"angelica-casasfranco","status":"publish","type":"page","link":"https:\/\/nicolasmanotas.com\/?page_id=603","title":{"rendered":"Ang\u00e9lica Casasfranco"},"content":{"rendered":"<div class=\"wp-block-image is-style-rounded\">\n<figure class=\"alignleft size-full\"><img loading=\"lazy\" decoding=\"async\" width=\"120\" height=\"120\" src=\"https:\/\/sauces.digisap.com\/wp-content\/uploads\/2023\/02\/angelica-casasfranco-120x120-1.jpeg\" alt=\"\" class=\"wp-image-605\"\/><\/figure>\n<\/div>\n\n\n<p>Siempre he pensado que todo llega cuando tiene que llegar y Nicol\u00e1s entro en mi vida en el momento preciso donde gracias a su ayuda puede explorar y enfrentar muchos dudas y vac\u00edos, a nivel laboral, sentimental, familiar entre otros.<\/p>\n\n\n\n<p>&nbsp;Cuando alguien tiene la capacidad de hacerte ver la vida desde otro punto de vista no tiene precio, todo esto para concluir diciendo Gracias Nicol\u00e1s por ayudarme en este proceso de transformaci\u00f3n y evoluci\u00f3n, de coraz\u00f3n toda mi gratitud.<br><\/p>\n\n\n\n<hr class=\"wp-block-separator has-alpha-channel-opacity\"\/>\n\n\n\n<p><br>I have always thought that everything arrives at the right time and Nicolas entered my life in the precise moment where thanks to his help I was able to explore and confront many doubts and empty spaces, in the areas of work, sentimental, family among others.<\/p>\n\n\n\n<p>When someone has the capacity of making you see life from another point of view it is priceless. All this to say as conclusion Thank you Nicolas for helping me in this process of transformation and evolution, from my heart all my gratitude.<\/p>\n","protected":false},"excerpt":{"rendered":"<p>Siempre he pensado que todo llega cuando tiene que llegar y Nicol\u00e1s entro en mi vida en el momento preciso donde gracias a su ayuda puede explorar y enfrentar muchos dudas y vac\u00edos, a nivel laboral, sentimental, familiar entre otros. &nbsp;Cuando alguien tiene la capacidad de hacerte ver la vida desde otro punto de vista [&hellip;]<\/p>\n","protected":false},"author":1,"featured_media":605,"parent":527,"menu_order":0,"comment_status":"closed","ping_status":"closed","template":"","meta":{"footnotes":""},"class_list":["post-603","page","type-page","status-publish","has-post-thumbnail","hentry"],"yoast_head":"<!-- This site is optimized with the Yoast SEO plugin v20.1 - https:\/\/yoast.com\/wordpress\/plugins\/seo\/ -->\n<title>Ang\u00e9lica Casasfranco - Nicol\u00e1s Manotas<\/title>\n<meta name=\"robots\" content=\"index, follow, max-snippet:-1, max-image-preview:large, max-video-preview:-1\" \/>\n<link rel=\"canonical\" href=\"https:\/\/nicolasmanotas.com\/?page_id=603\" \/>\n<meta property=\"og:locale\" content=\"es_ES\" \/>\n<meta property=\"og:type\" content=\"article\" \/>\n<meta property=\"og:title\" content=\"Ang\u00e9lica Casasfranco - Nicol\u00e1s Manotas\" \/>\n<meta property=\"og:description\" content=\"Siempre he pensado que todo llega cuando tiene que llegar y Nicol\u00e1s entro en mi vida en el momento preciso donde gracias a su ayuda puede explorar y enfrentar muchos dudas y vac\u00edos, a nivel laboral, sentimental, familiar entre otros. &nbsp;Cuando alguien tiene la capacidad de hacerte ver la vida desde otro punto de vista [&hellip;]\" \/>\n<meta property=\"og:url\" content=\"https:\/\/nicolasmanotas.com\/?page_id=603\" \/>\n<meta property=\"og:site_name\" content=\"Nicol\u00e1s Manotas\" \/>\n<meta property=\"article:modified_time\" content=\"2023-02-17T19:21:13+00:00\" \/>\n<meta property=\"og:image\" content=\"https:\/\/nicolasmanotas.com\/wp-content\/uploads\/2023\/02\/angelica-casasfranco-120x120-1.jpeg\" \/>\n\t<meta property=\"og:image:width\" content=\"120\" \/>\n\t<meta property=\"og:image:height\" content=\"120\" \/>\n\t<meta property=\"og:image:type\" content=\"image\/jpeg\" \/>\n<meta name=\"twitter:card\" content=\"summary_large_image\" \/>\n<meta name=\"twitter:label1\" content=\"Tiempo de lectura\" \/>\n\t<meta name=\"twitter:data1\" content=\"1 minuto\" \/>\n<script type=\"application\/ld+json\" class=\"yoast-schema-graph\">{\"@context\":\"https:\/\/schema.org\",\"@graph\":[{\"@type\":\"WebPage\",\"@id\":\"https:\/\/nicolasmanotas.com\/?page_id=603\",\"url\":\"https:\/\/nicolasmanotas.com\/?page_id=603\",\"name\":\"Ang\u00e9lica Casasfranco - Nicol\u00e1s Manotas\",\"isPartOf\":{\"@id\":\"https:\/\/nicolasmanotas.com\/#website\"},\"datePublished\":\"2023-02-17T16:17:56+00:00\",\"dateModified\":\"2023-02-17T19:21:13+00:00\",\"breadcrumb\":{\"@id\":\"https:\/\/nicolasmanotas.com\/?page_id=603#breadcrumb\"},\"inLanguage\":\"es\",\"potentialAction\":[{\"@type\":\"ReadAction\",\"target\":[\"https:\/\/nicolasmanotas.com\/?page_id=603\"]}]},{\"@type\":\"BreadcrumbList\",\"@id\":\"https:\/\/nicolasmanotas.com\/?page_id=603#breadcrumb\",\"itemListElement\":[{\"@type\":\"ListItem\",\"position\":1,\"name\":\"Testimonios \/ Testimonials\",\"item\":\"https:\/\/nicolasmanotas.com\/?page_id=527\"},{\"@type\":\"ListItem\",\"position\":2,\"name\":\"Ang\u00e9lica Casasfranco\"}]},{\"@type\":\"WebSite\",\"@id\":\"https:\/\/nicolasmanotas.com\/#website\",\"url\":\"https:\/\/nicolasmanotas.com\/\",\"name\":\"Nicol\u00e1s Manotas\",\"description\":\"\",\"potentialAction\":[{\"@type\":\"SearchAction\",\"target\":{\"@type\":\"EntryPoint\",\"urlTemplate\":\"https:\/\/nicolasmanotas.com\/?s={search_term_string}\"},\"query-input\":\"required name=search_term_string\"}],\"inLanguage\":\"es\"}]}<\/script>\n<!-- \/ Yoast SEO plugin. -->","yoast_head_json":{"title":"Ang\u00e9lica Casasfranco - Nicol\u00e1s Manotas","robots":{"index":"index","follow":"follow","max-snippet":"max-snippet:-1","max-image-preview":"max-image-preview:large","max-video-preview":"max-video-preview:-1"},"canonical":"https:\/\/nicolasmanotas.com\/?page_id=603","og_locale":"es_ES","og_type":"article","og_title":"Ang\u00e9lica Casasfranco - Nicol\u00e1s Manotas","og_description":"Siempre he pensado que todo llega cuando tiene que llegar y Nicol\u00e1s entro en mi vida en el momento preciso donde gracias a su ayuda puede explorar y enfrentar muchos dudas y vac\u00edos, a nivel laboral, sentimental, familiar entre otros. &nbsp;Cuando alguien tiene la capacidad de hacerte ver la vida desde otro punto de vista [&hellip;]","og_url":"https:\/\/nicolasmanotas.com\/?page_id=603","og_site_name":"Nicol\u00e1s Manotas","article_modified_time":"2023-02-17T19:21:13+00:00","og_image":[{"width":120,"height":120,"url":"https:\/\/nicolasmanotas.com\/wp-content\/uploads\/2023\/02\/angelica-casasfranco-120x120-1.jpeg","type":"image\/jpeg"}],"twitter_card":"summary_large_image","twitter_misc":{"Tiempo de lectura":"1 minuto"},"schema":{"@context":"https:\/\/schema.org","@graph":[{"@type":"WebPage","@id":"https:\/\/nicolasmanotas.com\/?page_id=603","url":"https:\/\/nicolasmanotas.com\/?page_id=603","name":"Ang\u00e9lica Casasfranco - Nicol\u00e1s Manotas","isPartOf":{"@id":"https:\/\/nicolasmanotas.com\/#website"},"datePublished":"2023-02-17T16:17:56+00:00","dateModified":"2023-02-17T19:21:13+00:00","breadcrumb":{"@id":"https:\/\/nicolasmanotas.com\/?page_id=603#breadcrumb"},"inLanguage":"es","potentialAction":[{"@type":"ReadAction","target":["https:\/\/nicolasmanotas.com\/?page_id=603"]}]},{"@type":"BreadcrumbList","@id":"https:\/\/nicolasmanotas.com\/?page_id=603#breadcrumb","itemListElement":[{"@type":"ListItem","position":1,"name":"Testimonios \/ Testimonials","item":"https:\/\/nicolasmanotas.com\/?page_id=527"},{"@type":"ListItem","position":2,"name":"Ang\u00e9lica Casasfranco"}]},{"@type":"WebSite","@id":"https:\/\/nicolasmanotas.com\/#website","url":"https:\/\/nicolasmanotas.com\/","name":"Nicol\u00e1s Manotas","description":"","potentialAction":[{"@type":"SearchAction","target":{"@type":"EntryPoint","urlTemplate":"https:\/\/nicolasmanotas.com\/?s={search_term_string}"},"query-input":"required name=search_term_string"}],"inLanguage":"es"}]}},"_links":{"self":[{"href":"https:\/\/nicolasmanotas.com\/index.php?rest_route=\/wp\/v2\/pages\/603","targetHints":{"allow":["GET"]}}],"collection":[{"href":"https:\/\/nicolasmanotas.com\/index.php?rest_route=\/wp\/v2\/pages"}],"about":[{"href":"https:\/\/nicolasmanotas.com\/index.php?rest_route=\/wp\/v2\/types\/page"}],"author":[{"embeddable":true,"href":"https:\/\/nicolasmanotas.com\/index.php?rest_route=\/wp\/v2\/users\/1"}],"replies":[{"embeddable":true,"href":"https:\/\/nicolasmanotas.com\/index.php?rest_route=%2Fwp%2Fv2%2Fcomments&post=603"}],"version-history":[{"count":3,"href":"https:\/\/nicolasmanotas.com\/index.php?rest_route=\/wp\/v2\/pages\/603\/revisions"}],"predecessor-version":[{"id":723,"href":"https:\/\/nicolasmanotas.com\/index.php?rest_route=\/wp\/v2\/pages\/603\/revisions\/723"}],"up":[{"embeddable":true,"href":"https:\/\/nicolasmanotas.com\/index.php?rest_route=\/wp\/v2\/pages\/527"}],"wp:featuredmedia":[{"embeddable":true,"href":"https:\/\/nicolasmanotas.com\/index.php?rest_route=\/wp\/v2\/media\/605"}],"wp:attachment":[{"href":"https:\/\/nicolasmanotas.com\/index.php?rest_route=%2Fwp%2Fv2%2Fmedia&parent=603"}],"curies":[{"name":"wp","href":"https:\/\/api.w.org\/{rel}","templated":true}]}}