{"id":607,"date":"2023-02-17T16:19:53","date_gmt":"2023-02-17T16:19:53","guid":{"rendered":"https:\/\/sauces.digisap.com\/?page_id=607"},"modified":"2023-02-17T19:22:31","modified_gmt":"2023-02-17T19:22:31","slug":"camila-rojas","status":"publish","type":"page","link":"https:\/\/nicolasmanotas.com\/?page_id=607","title":{"rendered":"Camila Rojas"},"content":{"rendered":"<div class=\"wp-block-image is-style-rounded\">\n<figure class=\"alignleft size-full\"><img loading=\"lazy\" decoding=\"async\" width=\"120\" height=\"120\" src=\"https:\/\/sauces.digisap.com\/wp-content\/uploads\/2023\/02\/camila-rojas-120x120-1.jpeg\" alt=\"\" class=\"wp-image-609\"\/><\/figure>\n<\/div>\n\n\n<p>El poner mi experiencia en palabras puede llegar a quedarse corto porque resulta muy dif\u00edcil explicar el proceso y ponerle l\u00edmite a algo que desde que empieza nunca termina. Para mi implic\u00f3 un cambio en la forma de ver las cosas, de actuar y de tomar decisiones.<\/p>\n\n\n\n<p>Es una mirada desde otra perspectiva que me ayudo a cambiar ciertos aspectos de mi vida que me imped\u00edan llegar a ser la persona en la cual me proyecto. A trav\u00e9s del coaching descubr\u00ed c\u00f3mo afrontar de forma diferente las situaciones y&nbsp; crear ciertos pasos para alcanzar una meta determinada.<\/p>\n\n\n\n<p>Un proceso de coaching se puede interpretar como una especie de manual que puedo construir bajo una gu\u00eda personalizada y pese a que en&nbsp; cierto modo el ser humano se resiste al cambio, los resultados son gratificantes y satisfactorios.<br><\/p>\n\n\n\n<hr class=\"wp-block-separator has-alpha-channel-opacity\"\/>\n\n\n\n<p><br>To put my experience in words may fall short because it is difficult to explain the process and place a limit on something that since it begins never ends. For me it implied a change in the way of seeing things, of acting and taking decisions.<\/p>\n\n\n\n<p>It is a view from a different perspective that helped me to change certain aspects of my life that did not allow me to become the person that I wish to become. Through coaching I discovered how to confront situations in a different way and create certain steps to reach a determined goal.<\/p>\n\n\n\n<p>A coaching process may be interpreted as a type of manual that I can construct under a personalized guide and even though in a certain way human beings resist change, the results are gratifying and rewarding.<\/p>\n","protected":false},"excerpt":{"rendered":"<p>El poner mi experiencia en palabras puede llegar a quedarse corto porque resulta muy dif\u00edcil explicar el proceso y ponerle l\u00edmite a algo que desde que empieza nunca termina. Para mi implic\u00f3 un cambio en la forma de ver las cosas, de actuar y de tomar decisiones. Es una mirada desde otra perspectiva que me [&hellip;]<\/p>\n","protected":false},"author":1,"featured_media":609,"parent":527,"menu_order":0,"comment_status":"closed","ping_status":"closed","template":"","meta":{"footnotes":""},"class_list":["post-607","page","type-page","status-publish","has-post-thumbnail","hentry"],"yoast_head":"<!-- This site is optimized with the Yoast SEO plugin v20.1 - https:\/\/yoast.com\/wordpress\/plugins\/seo\/ -->\n<title>Camila Rojas - Nicol\u00e1s Manotas<\/title>\n<meta name=\"robots\" content=\"index, follow, max-snippet:-1, max-image-preview:large, max-video-preview:-1\" \/>\n<link rel=\"canonical\" href=\"https:\/\/nicolasmanotas.com\/?page_id=607\" \/>\n<meta property=\"og:locale\" content=\"es_ES\" \/>\n<meta property=\"og:type\" content=\"article\" \/>\n<meta property=\"og:title\" content=\"Camila Rojas - Nicol\u00e1s Manotas\" \/>\n<meta property=\"og:description\" content=\"El poner mi experiencia en palabras puede llegar a quedarse corto porque resulta muy dif\u00edcil explicar el proceso y ponerle l\u00edmite a algo que desde que empieza nunca termina. Para mi implic\u00f3 un cambio en la forma de ver las cosas, de actuar y de tomar decisiones. Es una mirada desde otra perspectiva que me [&hellip;]\" \/>\n<meta property=\"og:url\" content=\"https:\/\/nicolasmanotas.com\/?page_id=607\" \/>\n<meta property=\"og:site_name\" content=\"Nicol\u00e1s Manotas\" \/>\n<meta property=\"article:modified_time\" content=\"2023-02-17T19:22:31+00:00\" \/>\n<meta property=\"og:image\" content=\"https:\/\/nicolasmanotas.com\/wp-content\/uploads\/2023\/02\/camila-rojas-120x120-1.jpeg\" \/>\n\t<meta property=\"og:image:width\" content=\"120\" \/>\n\t<meta property=\"og:image:height\" content=\"120\" \/>\n\t<meta property=\"og:image:type\" content=\"image\/jpeg\" \/>\n<meta name=\"twitter:card\" content=\"summary_large_image\" \/>\n<meta name=\"twitter:label1\" content=\"Tiempo de lectura\" \/>\n\t<meta name=\"twitter:data1\" content=\"2 minutos\" \/>\n<script type=\"application\/ld+json\" class=\"yoast-schema-graph\">{\"@context\":\"https:\/\/schema.org\",\"@graph\":[{\"@type\":\"WebPage\",\"@id\":\"https:\/\/nicolasmanotas.com\/?page_id=607\",\"url\":\"https:\/\/nicolasmanotas.com\/?page_id=607\",\"name\":\"Camila Rojas - Nicol\u00e1s Manotas\",\"isPartOf\":{\"@id\":\"https:\/\/nicolasmanotas.com\/#website\"},\"datePublished\":\"2023-02-17T16:19:53+00:00\",\"dateModified\":\"2023-02-17T19:22:31+00:00\",\"breadcrumb\":{\"@id\":\"https:\/\/nicolasmanotas.com\/?page_id=607#breadcrumb\"},\"inLanguage\":\"es\",\"potentialAction\":[{\"@type\":\"ReadAction\",\"target\":[\"https:\/\/nicolasmanotas.com\/?page_id=607\"]}]},{\"@type\":\"BreadcrumbList\",\"@id\":\"https:\/\/nicolasmanotas.com\/?page_id=607#breadcrumb\",\"itemListElement\":[{\"@type\":\"ListItem\",\"position\":1,\"name\":\"Testimonios \/ Testimonials\",\"item\":\"https:\/\/nicolasmanotas.com\/?page_id=527\"},{\"@type\":\"ListItem\",\"position\":2,\"name\":\"Camila Rojas\"}]},{\"@type\":\"WebSite\",\"@id\":\"https:\/\/nicolasmanotas.com\/#website\",\"url\":\"https:\/\/nicolasmanotas.com\/\",\"name\":\"Nicol\u00e1s Manotas\",\"description\":\"\",\"potentialAction\":[{\"@type\":\"SearchAction\",\"target\":{\"@type\":\"EntryPoint\",\"urlTemplate\":\"https:\/\/nicolasmanotas.com\/?s={search_term_string}\"},\"query-input\":\"required name=search_term_string\"}],\"inLanguage\":\"es\"}]}<\/script>\n<!-- \/ Yoast SEO plugin. -->","yoast_head_json":{"title":"Camila Rojas - Nicol\u00e1s Manotas","robots":{"index":"index","follow":"follow","max-snippet":"max-snippet:-1","max-image-preview":"max-image-preview:large","max-video-preview":"max-video-preview:-1"},"canonical":"https:\/\/nicolasmanotas.com\/?page_id=607","og_locale":"es_ES","og_type":"article","og_title":"Camila Rojas - Nicol\u00e1s Manotas","og_description":"El poner mi experiencia en palabras puede llegar a quedarse corto porque resulta muy dif\u00edcil explicar el proceso y ponerle l\u00edmite a algo que desde que empieza nunca termina. Para mi implic\u00f3 un cambio en la forma de ver las cosas, de actuar y de tomar decisiones. Es una mirada desde otra perspectiva que me [&hellip;]","og_url":"https:\/\/nicolasmanotas.com\/?page_id=607","og_site_name":"Nicol\u00e1s Manotas","article_modified_time":"2023-02-17T19:22:31+00:00","og_image":[{"width":120,"height":120,"url":"https:\/\/nicolasmanotas.com\/wp-content\/uploads\/2023\/02\/camila-rojas-120x120-1.jpeg","type":"image\/jpeg"}],"twitter_card":"summary_large_image","twitter_misc":{"Tiempo de lectura":"2 minutos"},"schema":{"@context":"https:\/\/schema.org","@graph":[{"@type":"WebPage","@id":"https:\/\/nicolasmanotas.com\/?page_id=607","url":"https:\/\/nicolasmanotas.com\/?page_id=607","name":"Camila Rojas - Nicol\u00e1s Manotas","isPartOf":{"@id":"https:\/\/nicolasmanotas.com\/#website"},"datePublished":"2023-02-17T16:19:53+00:00","dateModified":"2023-02-17T19:22:31+00:00","breadcrumb":{"@id":"https:\/\/nicolasmanotas.com\/?page_id=607#breadcrumb"},"inLanguage":"es","potentialAction":[{"@type":"ReadAction","target":["https:\/\/nicolasmanotas.com\/?page_id=607"]}]},{"@type":"BreadcrumbList","@id":"https:\/\/nicolasmanotas.com\/?page_id=607#breadcrumb","itemListElement":[{"@type":"ListItem","position":1,"name":"Testimonios \/ Testimonials","item":"https:\/\/nicolasmanotas.com\/?page_id=527"},{"@type":"ListItem","position":2,"name":"Camila Rojas"}]},{"@type":"WebSite","@id":"https:\/\/nicolasmanotas.com\/#website","url":"https:\/\/nicolasmanotas.com\/","name":"Nicol\u00e1s Manotas","description":"","potentialAction":[{"@type":"SearchAction","target":{"@type":"EntryPoint","urlTemplate":"https:\/\/nicolasmanotas.com\/?s={search_term_string}"},"query-input":"required name=search_term_string"}],"inLanguage":"es"}]}},"_links":{"self":[{"href":"https:\/\/nicolasmanotas.com\/index.php?rest_route=\/wp\/v2\/pages\/607","targetHints":{"allow":["GET"]}}],"collection":[{"href":"https:\/\/nicolasmanotas.com\/index.php?rest_route=\/wp\/v2\/pages"}],"about":[{"href":"https:\/\/nicolasmanotas.com\/index.php?rest_route=\/wp\/v2\/types\/page"}],"author":[{"embeddable":true,"href":"https:\/\/nicolasmanotas.com\/index.php?rest_route=\/wp\/v2\/users\/1"}],"replies":[{"embeddable":true,"href":"https:\/\/nicolasmanotas.com\/index.php?rest_route=%2Fwp%2Fv2%2Fcomments&post=607"}],"version-history":[{"count":3,"href":"https:\/\/nicolasmanotas.com\/index.php?rest_route=\/wp\/v2\/pages\/607\/revisions"}],"predecessor-version":[{"id":724,"href":"https:\/\/nicolasmanotas.com\/index.php?rest_route=\/wp\/v2\/pages\/607\/revisions\/724"}],"up":[{"embeddable":true,"href":"https:\/\/nicolasmanotas.com\/index.php?rest_route=\/wp\/v2\/pages\/527"}],"wp:featuredmedia":[{"embeddable":true,"href":"https:\/\/nicolasmanotas.com\/index.php?rest_route=\/wp\/v2\/media\/609"}],"wp:attachment":[{"href":"https:\/\/nicolasmanotas.com\/index.php?rest_route=%2Fwp%2Fv2%2Fmedia&parent=607"}],"curies":[{"name":"wp","href":"https:\/\/api.w.org\/{rel}","templated":true}]}}