{"id":611,"date":"2023-02-17T16:22:08","date_gmt":"2023-02-17T16:22:08","guid":{"rendered":"https:\/\/sauces.digisap.com\/?page_id=611"},"modified":"2023-02-17T19:22:05","modified_gmt":"2023-02-17T19:22:05","slug":"camila-arango","status":"publish","type":"page","link":"https:\/\/nicolasmanotas.com\/?page_id=611","title":{"rendered":"Camila Arango"},"content":{"rendered":"<div class=\"wp-block-image is-style-rounded\">\n<figure class=\"alignleft size-full\"><img loading=\"lazy\" decoding=\"async\" width=\"120\" height=\"120\" src=\"https:\/\/sauces.digisap.com\/wp-content\/uploads\/2023\/02\/camila-arango-2-120x120-1.jpeg\" alt=\"\" class=\"wp-image-613\"\/><\/figure>\n<\/div>\n\n\n<p>Comenc\u00e9 mis sesiones de coaching con Nicol\u00e1s hace 9 meses. Mi esposo y yo ven\u00edamos de estar luchando con un problema de infertilidad desde hace algunos a\u00f1os y decidimos contactar a Nicol\u00e1s para que nos apoyara con los que est\u00e1bamos viviendo. Tener a Nicol\u00e1s como nuestro Life Coach ha sido una oportunidad para darle un cambio a nuestra vida. Cada sesi\u00f3n que tuve con \u00e9l fue liberadora, inspiradora y transformadora.<\/p>\n\n\n\n<p>A trav\u00e9s de mucha introspecci\u00f3n y coaching Nicol\u00e1s me ayudo a descubrir quien soy realmente y lo que quer\u00eda para mi vida, me ayudo a superar algunos asuntos bien dif\u00edciles que estaba enfrentando y me inspir\u00f3 a perseguir mi felicidad a pesar de los obst\u00e1culos que estaba teniendo y que estaban por venir en el camino.<\/p>\n\n\n\n<p>Gracias a Nicol\u00e1s ahora tengo un matrimonio m\u00e1s fuerte y unido. Me he perdonado por mis errores al igual que he perdonado a otros por los suyos y me he convertido en una mejor mujer y en una persona feliz.<br><\/p>\n\n\n\n<hr class=\"wp-block-separator has-alpha-channel-opacity\"\/>\n\n\n\n<p><br>I started coaching sessions with Nicolas 9 months ago. My husband and I have been struggling with infertility for a couple of years, and we decided to reach out to Nicolas for guidance. Having Nicolas as our life coach has been a life changing opportunity. Each session with him is liberating, inspiring and transforming.<\/p>\n\n\n\n<p>Through a lot of introspection and coaching, Nicolas has helped me discover who I really am and what I really want in life, he has helped me get through some extremely difficult moments and has inspired me to pursuit my happiness despite the obstacles that come along the way.<\/p>\n\n\n\n<p>Thanks to Nicolas I now have a really strong marriage, I have forgiven my mistakes and those of others, and I have become a happier and stronger woman.<\/p>\n","protected":false},"excerpt":{"rendered":"<p>Comenc\u00e9 mis sesiones de coaching con Nicol\u00e1s hace 9 meses. Mi esposo y yo ven\u00edamos de estar luchando con un problema de infertilidad desde hace algunos a\u00f1os y decidimos contactar a Nicol\u00e1s para que nos apoyara con los que est\u00e1bamos viviendo. Tener a Nicol\u00e1s como nuestro Life Coach ha sido una oportunidad para darle un [&hellip;]<\/p>\n","protected":false},"author":1,"featured_media":613,"parent":527,"menu_order":0,"comment_status":"closed","ping_status":"closed","template":"","meta":{"footnotes":""},"class_list":["post-611","page","type-page","status-publish","has-post-thumbnail","hentry"],"yoast_head":"<!-- This site is optimized with the Yoast SEO plugin v20.1 - https:\/\/yoast.com\/wordpress\/plugins\/seo\/ -->\n<title>Camila Arango - Nicol\u00e1s Manotas<\/title>\n<meta name=\"robots\" content=\"index, follow, max-snippet:-1, max-image-preview:large, max-video-preview:-1\" \/>\n<link rel=\"canonical\" href=\"https:\/\/nicolasmanotas.com\/?page_id=611\" \/>\n<meta property=\"og:locale\" content=\"es_ES\" \/>\n<meta property=\"og:type\" content=\"article\" \/>\n<meta property=\"og:title\" content=\"Camila Arango - Nicol\u00e1s Manotas\" \/>\n<meta property=\"og:description\" content=\"Comenc\u00e9 mis sesiones de coaching con Nicol\u00e1s hace 9 meses. Mi esposo y yo ven\u00edamos de estar luchando con un problema de infertilidad desde hace algunos a\u00f1os y decidimos contactar a Nicol\u00e1s para que nos apoyara con los que est\u00e1bamos viviendo. Tener a Nicol\u00e1s como nuestro Life Coach ha sido una oportunidad para darle un [&hellip;]\" \/>\n<meta property=\"og:url\" content=\"https:\/\/nicolasmanotas.com\/?page_id=611\" \/>\n<meta property=\"og:site_name\" content=\"Nicol\u00e1s Manotas\" \/>\n<meta property=\"article:modified_time\" content=\"2023-02-17T19:22:05+00:00\" \/>\n<meta property=\"og:image\" content=\"https:\/\/nicolasmanotas.com\/wp-content\/uploads\/2023\/02\/camila-arango-2-120x120-1.jpeg\" \/>\n\t<meta property=\"og:image:width\" content=\"120\" \/>\n\t<meta property=\"og:image:height\" content=\"120\" \/>\n\t<meta property=\"og:image:type\" content=\"image\/jpeg\" \/>\n<meta name=\"twitter:card\" content=\"summary_large_image\" \/>\n<meta name=\"twitter:label1\" content=\"Tiempo de lectura\" \/>\n\t<meta name=\"twitter:data1\" content=\"2 minutos\" \/>\n<script type=\"application\/ld+json\" class=\"yoast-schema-graph\">{\"@context\":\"https:\/\/schema.org\",\"@graph\":[{\"@type\":\"WebPage\",\"@id\":\"https:\/\/nicolasmanotas.com\/?page_id=611\",\"url\":\"https:\/\/nicolasmanotas.com\/?page_id=611\",\"name\":\"Camila Arango - Nicol\u00e1s Manotas\",\"isPartOf\":{\"@id\":\"https:\/\/nicolasmanotas.com\/#website\"},\"datePublished\":\"2023-02-17T16:22:08+00:00\",\"dateModified\":\"2023-02-17T19:22:05+00:00\",\"breadcrumb\":{\"@id\":\"https:\/\/nicolasmanotas.com\/?page_id=611#breadcrumb\"},\"inLanguage\":\"es\",\"potentialAction\":[{\"@type\":\"ReadAction\",\"target\":[\"https:\/\/nicolasmanotas.com\/?page_id=611\"]}]},{\"@type\":\"BreadcrumbList\",\"@id\":\"https:\/\/nicolasmanotas.com\/?page_id=611#breadcrumb\",\"itemListElement\":[{\"@type\":\"ListItem\",\"position\":1,\"name\":\"Testimonios \/ Testimonials\",\"item\":\"https:\/\/nicolasmanotas.com\/?page_id=527\"},{\"@type\":\"ListItem\",\"position\":2,\"name\":\"Camila Arango\"}]},{\"@type\":\"WebSite\",\"@id\":\"https:\/\/nicolasmanotas.com\/#website\",\"url\":\"https:\/\/nicolasmanotas.com\/\",\"name\":\"Nicol\u00e1s Manotas\",\"description\":\"\",\"potentialAction\":[{\"@type\":\"SearchAction\",\"target\":{\"@type\":\"EntryPoint\",\"urlTemplate\":\"https:\/\/nicolasmanotas.com\/?s={search_term_string}\"},\"query-input\":\"required name=search_term_string\"}],\"inLanguage\":\"es\"}]}<\/script>\n<!-- \/ Yoast SEO plugin. -->","yoast_head_json":{"title":"Camila Arango - Nicol\u00e1s Manotas","robots":{"index":"index","follow":"follow","max-snippet":"max-snippet:-1","max-image-preview":"max-image-preview:large","max-video-preview":"max-video-preview:-1"},"canonical":"https:\/\/nicolasmanotas.com\/?page_id=611","og_locale":"es_ES","og_type":"article","og_title":"Camila Arango - Nicol\u00e1s Manotas","og_description":"Comenc\u00e9 mis sesiones de coaching con Nicol\u00e1s hace 9 meses. Mi esposo y yo ven\u00edamos de estar luchando con un problema de infertilidad desde hace algunos a\u00f1os y decidimos contactar a Nicol\u00e1s para que nos apoyara con los que est\u00e1bamos viviendo. Tener a Nicol\u00e1s como nuestro Life Coach ha sido una oportunidad para darle un [&hellip;]","og_url":"https:\/\/nicolasmanotas.com\/?page_id=611","og_site_name":"Nicol\u00e1s Manotas","article_modified_time":"2023-02-17T19:22:05+00:00","og_image":[{"width":120,"height":120,"url":"https:\/\/nicolasmanotas.com\/wp-content\/uploads\/2023\/02\/camila-arango-2-120x120-1.jpeg","type":"image\/jpeg"}],"twitter_card":"summary_large_image","twitter_misc":{"Tiempo de lectura":"2 minutos"},"schema":{"@context":"https:\/\/schema.org","@graph":[{"@type":"WebPage","@id":"https:\/\/nicolasmanotas.com\/?page_id=611","url":"https:\/\/nicolasmanotas.com\/?page_id=611","name":"Camila Arango - Nicol\u00e1s Manotas","isPartOf":{"@id":"https:\/\/nicolasmanotas.com\/#website"},"datePublished":"2023-02-17T16:22:08+00:00","dateModified":"2023-02-17T19:22:05+00:00","breadcrumb":{"@id":"https:\/\/nicolasmanotas.com\/?page_id=611#breadcrumb"},"inLanguage":"es","potentialAction":[{"@type":"ReadAction","target":["https:\/\/nicolasmanotas.com\/?page_id=611"]}]},{"@type":"BreadcrumbList","@id":"https:\/\/nicolasmanotas.com\/?page_id=611#breadcrumb","itemListElement":[{"@type":"ListItem","position":1,"name":"Testimonios \/ Testimonials","item":"https:\/\/nicolasmanotas.com\/?page_id=527"},{"@type":"ListItem","position":2,"name":"Camila Arango"}]},{"@type":"WebSite","@id":"https:\/\/nicolasmanotas.com\/#website","url":"https:\/\/nicolasmanotas.com\/","name":"Nicol\u00e1s Manotas","description":"","potentialAction":[{"@type":"SearchAction","target":{"@type":"EntryPoint","urlTemplate":"https:\/\/nicolasmanotas.com\/?s={search_term_string}"},"query-input":"required name=search_term_string"}],"inLanguage":"es"}]}},"_links":{"self":[{"href":"https:\/\/nicolasmanotas.com\/index.php?rest_route=\/wp\/v2\/pages\/611","targetHints":{"allow":["GET"]}}],"collection":[{"href":"https:\/\/nicolasmanotas.com\/index.php?rest_route=\/wp\/v2\/pages"}],"about":[{"href":"https:\/\/nicolasmanotas.com\/index.php?rest_route=\/wp\/v2\/types\/page"}],"author":[{"embeddable":true,"href":"https:\/\/nicolasmanotas.com\/index.php?rest_route=\/wp\/v2\/users\/1"}],"replies":[{"embeddable":true,"href":"https:\/\/nicolasmanotas.com\/index.php?rest_route=%2Fwp%2Fv2%2Fcomments&post=611"}],"version-history":[{"count":2,"href":"https:\/\/nicolasmanotas.com\/index.php?rest_route=\/wp\/v2\/pages\/611\/revisions"}],"predecessor-version":[{"id":614,"href":"https:\/\/nicolasmanotas.com\/index.php?rest_route=\/wp\/v2\/pages\/611\/revisions\/614"}],"up":[{"embeddable":true,"href":"https:\/\/nicolasmanotas.com\/index.php?rest_route=\/wp\/v2\/pages\/527"}],"wp:featuredmedia":[{"embeddable":true,"href":"https:\/\/nicolasmanotas.com\/index.php?rest_route=\/wp\/v2\/media\/613"}],"wp:attachment":[{"href":"https:\/\/nicolasmanotas.com\/index.php?rest_route=%2Fwp%2Fv2%2Fmedia&parent=611"}],"curies":[{"name":"wp","href":"https:\/\/api.w.org\/{rel}","templated":true}]}}